{"id":62,"date":"2021-10-05T11:42:02","date_gmt":"2021-10-05T11:42:02","guid":{"rendered":"https:\/\/samsoe-mff.dk\/?page_id=62"},"modified":"2021-10-08T09:28:22","modified_gmt":"2021-10-08T09:28:22","slug":"info","status":"publish","type":"page","link":"https:\/\/samsoe-mfk.dk\/?page_id=62","title":{"rendered":"Info"},"content":{"rendered":"\n<p>Har du sp\u00f8rgsm\u00e5l til Sams\u00f8 Modelflyveklub kan du skrive til Leif \u00d8ster <a href=\"mailto:leifoster@live.dk\">leifoster@live.dk<\/a><\/p>\n\n\n\n<p><\/p>\n\n\n\n<p><\/p>\n\n\n<p><iframe src=\"https:\/\/www.google.com\/maps\/embed?pb=!1m18!1m12!1m3!1d968.1216412583256!2d10.577663829296961!3d55.82452335212362!2m3!1f0!2f0!3f0!3m2!1i1024!2i768!4f13.1!3m3!1m2!1s0x0%3A0x0!2zNTXCsDQ5JzI4LjMiTiAxMMKwMzQnNDEuNiJF!5e1!3m2!1sen!2sdk!4v1633462471389!5m2!1sen!2sdk\" width=\"600\" height=\"450\" style=\"border:0;\" allowfullscreen=\"\" loading=\"lazy\"><\/iframe><\/p>\n\n\n<p><\/p>\n","protected":false},"excerpt":{"rendered":"<p>Har du sp\u00f8rgsm\u00e5l til Sams\u00f8 Modelflyveklub kan du skrive til Leif \u00d8ster leifoster@live.dk<\/p>\n","protected":false},"author":1,"featured_media":0,"parent":0,"menu_order":0,"comment_status":"closed","ping_status":"closed","template":"","meta":{"kt_blocks_editor_width":"","ngg_post_thumbnail":0,"footnotes":""},"class_list":["post-62","page","type-page","status-publish","hentry"],"yoast_head":"<!-- This site is optimized with the Yoast SEO plugin v27.5 - https:\/\/yoast.com\/product\/yoast-seo-wordpress\/ -->\n<title>Info - Sams\u00f8 Modelflyveklub<\/title>\n<meta name=\"robots\" content=\"index, follow, max-snippet:-1, max-image-preview:large, max-video-preview:-1\" \/>\n<link rel=\"canonical\" href=\"https:\/\/samsoe-mfk.dk\/?page_id=62\" \/>\n<meta property=\"og:locale\" content=\"en_US\" \/>\n<meta property=\"og:type\" content=\"article\" \/>\n<meta property=\"og:title\" content=\"Info - Sams\u00f8 Modelflyveklub\" \/>\n<meta property=\"og:description\" content=\"Har du sp\u00f8rgsm\u00e5l til Sams\u00f8 Modelflyveklub kan du skrive til Leif \u00d8ster leifoster@live.dk\" \/>\n<meta property=\"og:url\" content=\"https:\/\/samsoe-mfk.dk\/?page_id=62\" \/>\n<meta property=\"og:site_name\" content=\"Sams\u00f8 Modelflyveklub\" \/>\n<meta property=\"article:modified_time\" content=\"2021-10-08T09:28:22+00:00\" \/>\n<meta name=\"twitter:card\" content=\"summary_large_image\" \/>\n<meta name=\"twitter:label1\" content=\"Est. reading time\" \/>\n\t<meta name=\"twitter:data1\" content=\"1 minute\" \/>\n<script type=\"application\/ld+json\" class=\"yoast-schema-graph\">{\"@context\":\"https:\\\/\\\/schema.org\",\"@graph\":[{\"@type\":\"WebPage\",\"@id\":\"https:\\\/\\\/samsoe-mfk.dk\\\/?page_id=62\",\"url\":\"https:\\\/\\\/samsoe-mfk.dk\\\/?page_id=62\",\"name\":\"Info - Sams\u00f8 Modelflyveklub\",\"isPartOf\":{\"@id\":\"https:\\\/\\\/samsoe-mfk.dk\\\/#website\"},\"datePublished\":\"2021-10-05T11:42:02+00:00\",\"dateModified\":\"2021-10-08T09:28:22+00:00\",\"breadcrumb\":{\"@id\":\"https:\\\/\\\/samsoe-mfk.dk\\\/?page_id=62#breadcrumb\"},\"inLanguage\":\"en-US\",\"potentialAction\":[{\"@type\":\"ReadAction\",\"target\":[\"https:\\\/\\\/samsoe-mfk.dk\\\/?page_id=62\"]}]},{\"@type\":\"BreadcrumbList\",\"@id\":\"https:\\\/\\\/samsoe-mfk.dk\\\/?page_id=62#breadcrumb\",\"itemListElement\":[{\"@type\":\"ListItem\",\"position\":1,\"name\":\"Home\",\"item\":\"https:\\\/\\\/samsoe-mfk.dk\\\/\"},{\"@type\":\"ListItem\",\"position\":2,\"name\":\"Info\"}]},{\"@type\":\"WebSite\",\"@id\":\"https:\\\/\\\/samsoe-mfk.dk\\\/#website\",\"url\":\"https:\\\/\\\/samsoe-mfk.dk\\\/\",\"name\":\"Sams\u00f8 Modelflyveklub\",\"description\":\"RC Sams\u00f8\",\"potentialAction\":[{\"@type\":\"SearchAction\",\"target\":{\"@type\":\"EntryPoint\",\"urlTemplate\":\"https:\\\/\\\/samsoe-mfk.dk\\\/?s={search_term_string}\"},\"query-input\":{\"@type\":\"PropertyValueSpecification\",\"valueRequired\":true,\"valueName\":\"search_term_string\"}}],\"inLanguage\":\"en-US\"}]}<\/script>\n<!-- \/ Yoast SEO plugin. -->","yoast_head_json":{"title":"Info - Sams\u00f8 Modelflyveklub","robots":{"index":"index","follow":"follow","max-snippet":"max-snippet:-1","max-image-preview":"max-image-preview:large","max-video-preview":"max-video-preview:-1"},"canonical":"https:\/\/samsoe-mfk.dk\/?page_id=62","og_locale":"en_US","og_type":"article","og_title":"Info - Sams\u00f8 Modelflyveklub","og_description":"Har du sp\u00f8rgsm\u00e5l til Sams\u00f8 Modelflyveklub kan du skrive til Leif \u00d8ster leifoster@live.dk","og_url":"https:\/\/samsoe-mfk.dk\/?page_id=62","og_site_name":"Sams\u00f8 Modelflyveklub","article_modified_time":"2021-10-08T09:28:22+00:00","twitter_card":"summary_large_image","twitter_misc":{"Est. reading time":"1 minute"},"schema":{"@context":"https:\/\/schema.org","@graph":[{"@type":"WebPage","@id":"https:\/\/samsoe-mfk.dk\/?page_id=62","url":"https:\/\/samsoe-mfk.dk\/?page_id=62","name":"Info - Sams\u00f8 Modelflyveklub","isPartOf":{"@id":"https:\/\/samsoe-mfk.dk\/#website"},"datePublished":"2021-10-05T11:42:02+00:00","dateModified":"2021-10-08T09:28:22+00:00","breadcrumb":{"@id":"https:\/\/samsoe-mfk.dk\/?page_id=62#breadcrumb"},"inLanguage":"en-US","potentialAction":[{"@type":"ReadAction","target":["https:\/\/samsoe-mfk.dk\/?page_id=62"]}]},{"@type":"BreadcrumbList","@id":"https:\/\/samsoe-mfk.dk\/?page_id=62#breadcrumb","itemListElement":[{"@type":"ListItem","position":1,"name":"Home","item":"https:\/\/samsoe-mfk.dk\/"},{"@type":"ListItem","position":2,"name":"Info"}]},{"@type":"WebSite","@id":"https:\/\/samsoe-mfk.dk\/#website","url":"https:\/\/samsoe-mfk.dk\/","name":"Sams\u00f8 Modelflyveklub","description":"RC Sams\u00f8","potentialAction":[{"@type":"SearchAction","target":{"@type":"EntryPoint","urlTemplate":"https:\/\/samsoe-mfk.dk\/?s={search_term_string}"},"query-input":{"@type":"PropertyValueSpecification","valueRequired":true,"valueName":"search_term_string"}}],"inLanguage":"en-US"}]}},"_links":{"self":[{"href":"https:\/\/samsoe-mfk.dk\/index.php?rest_route=\/wp\/v2\/pages\/62","targetHints":{"allow":["GET"]}}],"collection":[{"href":"https:\/\/samsoe-mfk.dk\/index.php?rest_route=\/wp\/v2\/pages"}],"about":[{"href":"https:\/\/samsoe-mfk.dk\/index.php?rest_route=\/wp\/v2\/types\/page"}],"author":[{"embeddable":true,"href":"https:\/\/samsoe-mfk.dk\/index.php?rest_route=\/wp\/v2\/users\/1"}],"replies":[{"embeddable":true,"href":"https:\/\/samsoe-mfk.dk\/index.php?rest_route=%2Fwp%2Fv2%2Fcomments&post=62"}],"version-history":[{"count":8,"href":"https:\/\/samsoe-mfk.dk\/index.php?rest_route=\/wp\/v2\/pages\/62\/revisions"}],"predecessor-version":[{"id":135,"href":"https:\/\/samsoe-mfk.dk\/index.php?rest_route=\/wp\/v2\/pages\/62\/revisions\/135"}],"wp:attachment":[{"href":"https:\/\/samsoe-mfk.dk\/index.php?rest_route=%2Fwp%2Fv2%2Fmedia&parent=62"}],"curies":[{"name":"wp","href":"https:\/\/api.w.org\/{rel}","templated":true}]}}